{"id":385,"date":"2026-04-11T02:52:27","date_gmt":"2026-04-11T02:52:27","guid":{"rendered":"https:\/\/steffes.industries\/?page_id=385"},"modified":"2026-04-11T02:52:27","modified_gmt":"2026-04-11T02:52:27","slug":"ffes-fusionsreaktor","status":"publish","type":"page","link":"https:\/\/steffes.industries\/?page_id=385","title":{"rendered":"FFES &#8211; Fusionsreaktor"},"content":{"rendered":"\n<figure class=\"wp-block-image alignwide size-large\"><img loading=\"lazy\" decoding=\"async\" width=\"1024\" height=\"576\" src=\"https:\/\/steffes.industries\/wp-content\/uploads\/2026\/04\/FFES-Tokamatk-Fusion-Reactor-1024x576.png\" alt=\"\" class=\"wp-image-386\" srcset=\"https:\/\/steffes.industries\/wp-content\/uploads\/2026\/04\/FFES-Tokamatk-Fusion-Reactor-1024x576.png 1024w, https:\/\/steffes.industries\/wp-content\/uploads\/2026\/04\/FFES-Tokamatk-Fusion-Reactor-300x169.png 300w, https:\/\/steffes.industries\/wp-content\/uploads\/2026\/04\/FFES-Tokamatk-Fusion-Reactor-768x432.png 768w, https:\/\/steffes.industries\/wp-content\/uploads\/2026\/04\/FFES-Tokamatk-Fusion-Reactor-1536x864.png 1536w, https:\/\/steffes.industries\/wp-content\/uploads\/2026\/04\/FFES-Tokamatk-Fusion-Reactor-600x338.png 600w, https:\/\/steffes.industries\/wp-content\/uploads\/2026\/04\/FFES-Tokamatk-Fusion-Reactor.png 1920w\" sizes=\"auto, (max-width: 1024px) 100vw, 1024px\" \/><\/figure>\n\n\n\n<h1 class=\"wp-block-heading alignfull has-text-align-center\"><strong>\u16a0 \u16a0 \u16d6 \u16ca<\/strong><\/h1>\n\n\n\n<p>Der FFES ist das Kernprojekt von Steffes Industries. Das innovative Hybrid-Konzept befindet sich in einer fortgeschrittenen Planungsphase. Wir fokussieren uns derzeit auf die Sicherstellung der Projektfinanzierung, um zeitnah mit der physischen Konstruktion dieses zukunftsweisenden Reaktors beginnen zu k\u00f6nnen.<\/p>\n\n\n\n<figure class=\"wp-block-image alignfull size-large\"><img loading=\"lazy\" decoding=\"async\" width=\"1024\" height=\"864\" src=\"https:\/\/steffes.industries\/wp-content\/uploads\/2026\/04\/FFES-Tokamatk-Fusion-Reactor-closeup-1024x864.png\" alt=\"\" class=\"wp-image-387\" srcset=\"https:\/\/steffes.industries\/wp-content\/uploads\/2026\/04\/FFES-Tokamatk-Fusion-Reactor-closeup-1024x864.png 1024w, https:\/\/steffes.industries\/wp-content\/uploads\/2026\/04\/FFES-Tokamatk-Fusion-Reactor-closeup-300x253.png 300w, https:\/\/steffes.industries\/wp-content\/uploads\/2026\/04\/FFES-Tokamatk-Fusion-Reactor-closeup-768x648.png 768w, https:\/\/steffes.industries\/wp-content\/uploads\/2026\/04\/FFES-Tokamatk-Fusion-Reactor-closeup-600x506.png 600w, https:\/\/steffes.industries\/wp-content\/uploads\/2026\/04\/FFES-Tokamatk-Fusion-Reactor-closeup.png 1280w\" sizes=\"auto, (max-width: 1024px) 100vw, 1024px\" \/><\/figure>\n\n\n\n<p>Der weltweit erste Tokamak-Druckreaktor.<\/p>\n\n\n\n<p>Wir verzichten bewusst auf den Versuch, konstante Temperaturen im Millionen-Kelvin-Bereich aufrechtzuerhalten. Stattdessen nutzen wir die Gesetze der Physik effizienter: Unser System arbeitet mit einem Durchlauf-Kompressionszyklus.<\/p>\n\n\n\n<p>Der entscheidende Vorteil? Eine pr\u00e4zisere Kontrolle der Fusion und eine langfristig signifikante Reduzierung der Baugr\u00f6\u00dfe.<\/p>\n\n\n\n<hr class=\"wp-block-separator alignfull has-alpha-channel-opacity\"\/>\n\n\n\n<p><strong>Die Suche nach dem \u201eSweetspot\u201c<\/strong><\/p>\n\n\n\n<figure class=\"wp-block-image size-large\"><img loading=\"lazy\" decoding=\"async\" width=\"1024\" height=\"864\" src=\"https:\/\/steffes.industries\/wp-content\/uploads\/2026\/04\/FFES_Tabelle-1024x864.png\" alt=\"\" class=\"wp-image-388\" srcset=\"https:\/\/steffes.industries\/wp-content\/uploads\/2026\/04\/FFES_Tabelle-1024x864.png 1024w, https:\/\/steffes.industries\/wp-content\/uploads\/2026\/04\/FFES_Tabelle-300x253.png 300w, https:\/\/steffes.industries\/wp-content\/uploads\/2026\/04\/FFES_Tabelle-768x648.png 768w, https:\/\/steffes.industries\/wp-content\/uploads\/2026\/04\/FFES_Tabelle-600x506.png 600w, https:\/\/steffes.industries\/wp-content\/uploads\/2026\/04\/FFES_Tabelle.png 1280w\" sizes=\"auto, (max-width: 1024px) 100vw, 1024px\" \/><\/figure>\n\n\n\n<div class=\"wp-block-group is-nowrap is-layout-flex wp-container-core-group-is-layout-6c531013 wp-block-group-is-layout-flex\">\n<p>Wie die Grafik verdeutlicht, liegt der Schl\u00fcssel zum Erfolg in der optimalen Dimensionierung des Reaktors. Ein zu gro\u00dfer Reaktor ben\u00f6tigt enorme Mengen an Deuterium und Tritium, nur um den Eigenbetrieb aufrechtzuerhalten. Ist das System hingegen zu klein, st\u00f6\u00dft die Fertigungspr\u00e4zision an physikalische und technische Grenzen.<\/p>\n<\/div>\n\n\n\n<p>Unser Ansatz bei Steffes Industries ist ein ausgewogener Mittelweg. Langfristig werden wir den FFES f\u00fcr spezifische Einsatzgebiete spezialisieren: W\u00e4hrend ein Reaktor f\u00fcr den Mars-betrieb extreme Autarkie erfordert, m\u00fcssen Modelle f\u00fcr Fahrzeuge oder mobile Anwendungen (wie \u201ePower Armor\u201c) ultrakompakt sein. Unser erster Prototyp ist mit einem Durchmesser von <strong>8 Metern<\/strong> geplant, um genau diesen optimalen Wirkungsbereich zu treffen.<\/p>\n\n\n\n<p><\/p>\n\n\n\n<p><strong>Sie m\u00f6chten investieren oder haben Fragen zum Projekt?<\/strong> <\/p>\n\n\n\n<p>Wir freuen uns auf Ihre Nachricht! Kontaktieren Sie uns unter: <a href=\"mailto:info@steffes.industries\" target=\"_blank\" rel=\"noreferrer noopener\">info@steffes.industries<\/a><\/p>\n\n\n\n<p><\/p>\n","protected":false},"excerpt":{"rendered":"<p>\u16a0 \u16a0 \u16d6 \u16ca Der FFES ist das Kernprojekt von Steffes Industries. Das innovative Hybrid-Konzept befindet sich in einer fortgeschrittenen Planungsphase. Wir fokussieren uns derzeit auf die Sicherstellung der Projektfinanzierung, um zeitnah mit der physischen Konstruktion dieses zukunftsweisenden Reaktors beginnen zu k\u00f6nnen. Der weltweit erste Tokamak-Druckreaktor. Wir verzichten bewusst auf den Versuch, konstante Temperaturen im [&hellip;]<\/p>\n","protected":false},"author":1,"featured_media":0,"parent":0,"menu_order":0,"comment_status":"closed","ping_status":"closed","template":"","meta":{"footnotes":""},"class_list":["post-385","page","type-page","status-publish","hentry"],"jetpack_sharing_enabled":true,"_links":{"self":[{"href":"https:\/\/steffes.industries\/index.php?rest_route=\/wp\/v2\/pages\/385","targetHints":{"allow":["GET"]}}],"collection":[{"href":"https:\/\/steffes.industries\/index.php?rest_route=\/wp\/v2\/pages"}],"about":[{"href":"https:\/\/steffes.industries\/index.php?rest_route=\/wp\/v2\/types\/page"}],"author":[{"embeddable":true,"href":"https:\/\/steffes.industries\/index.php?rest_route=\/wp\/v2\/users\/1"}],"replies":[{"embeddable":true,"href":"https:\/\/steffes.industries\/index.php?rest_route=%2Fwp%2Fv2%2Fcomments&post=385"}],"version-history":[{"count":1,"href":"https:\/\/steffes.industries\/index.php?rest_route=\/wp\/v2\/pages\/385\/revisions"}],"predecessor-version":[{"id":389,"href":"https:\/\/steffes.industries\/index.php?rest_route=\/wp\/v2\/pages\/385\/revisions\/389"}],"wp:attachment":[{"href":"https:\/\/steffes.industries\/index.php?rest_route=%2Fwp%2Fv2%2Fmedia&parent=385"}],"curies":[{"name":"wp","href":"https:\/\/api.w.org\/{rel}","templated":true}]}}